21. Is c composite?
True
Let w(m) = -m + 1. Let o be w(-1). Suppose 0 = 3*d + o*c + 3*c - 217, -4*c = -5*d + 337. Is d a composite number?
True
Let n = 1350 - 231. Is n a prime number?
False
Let z(m) = 19*m - 1. Suppose -2 = 3*k + 3*s + 1, 5*k = 4*s + 13. Let i = 1 + k. Is z(i) a prime number?
True
Suppose -12006 - 2964 = -6*b. Is b a prime number?
False
Let t = 5 + -13. Is (-2)/t + 1981/28 a composite number?
False
Let s = -489 + 2003. Is s prime?
False
Let b(o) = -o**2 - 7*o - 4. Let l be b(-6). Suppose -l*k + 100 + 10 = 0. Is k a composite number?
True
Suppose -5*j = 25, -y + 2*y - 6 = j. Let q(h) = 110*h**3 + h**2. Is q(y) a prime number?
False
Let l(r) = 7*r + 2. Let v(x) = -4*x - 1. Let m(a) = 6*l(a) + 10*v(a). Let j = -1 + 7. Is m(j) a prime number?
False
Let x be 1*(3 - (0 - -132)). Let i = x - -220. Is i a prime number?
False
Let b(j) = 50*j**2 - 3*j - 4. Let s(k) = -k**2 - k - 1. Let w(i) = b(i) - 4*s(i). Is w(-1) prime?
True
Suppose 4*w = y + 1264, -4*w + 109 + 1175 = 4*y. Is w a composite number?
False
Let n(l) = -3*l - 15. Suppose 0 = -2*t - 4*k - 24, -2*t + k - 18 = -k. Is n(t) prime?
False
Let l = -46 + 70. Let n = l - -97. Is n a composite number?
True
Suppose 6 = 4*s - 4*o + 2*o, -2*s - 5*o = 3. Let n(d) = 822*d. Let r be n(s). Suppose 0 = -5*h + r - 227. Is h prime?
False
Let g = -2225 + 4834. Is g a prime number?
True
Let p = 0 + -4. Let k(v) = -3*v - 6. Let u be k(p). Let n(t) = 2*t**2 + 3*t + 1. Is n(u) a prime number?
False
Let r = -1 + -2. Is (r + 2)/(1/(-49)) a prime number?
False
Suppose 32 = 7*h - 3*h - 4*j, -3*h = -2*j - 22. Let p = -4 + h. Suppose 0*c = -p*c + 74. Is c composite?
False
Let h = -132 + 484. Is (-1)/(-3)*9 + h prime?
False
Suppose 11 = 3*h - a, -5*a - 17 = -5*h - 2*a. Suppose h*x = 4*u + u + 20, -3*u - 12 = x. Suppose x = -3*f - 6, 4*j + 4*f = 3*f + 82. Is j prime?
False
Let k(v) = -v**3 + 8*v**2 + v - 4. Let u be k(8). Suppose 0 = o + 4*c - 23, c + 25 + 33 = u*o. Suppose j - 6*j = -o. Is j prime?
True
Suppose 4*t + 2*n = -20, 4*t - 1 = 3*n - 31. Let r(h) = -15*h - 3. Is r(t) prime?
False
Suppose 8*k = 7*k + 1109. Is k a prime number?
True
Let v(a) = a**3 + 16*a**2 - 19*a - 13. Is v(-16) composite?
True
Let l(d) = 10*d + 17. Suppose 5*j - 2*h + h = 59, -3*j - 5*h = -13. Is l(j) composite?
False
Suppose 2*w = 6*w - 40. Let s = -19 + w. Let l(m) = -m**3 - 7*m**2 + 13*m + 6. Is l(s) a composite number?
True
Let u(k) = k**3 - 4*k**2 - 2*k + 5. Let b be (-5 + 7)/(2 - 0). Suppose -r + b + 5 = 0. Is u(r) prime?
False
Suppose -3*h + 0 = -12. Suppose 184 = 4*v + h*f, -5*f = 4*v - 3*v - 34. Is v prime?
False
Suppose -2*l + 3*l - 3764 = -2*a, -l - 1885 = -a. Is a a composite number?
True
Let a(m) = 20*m**3 + m**2 - 4*m + 3. Is a(2) a prime number?
False
Let m(t) = 106*t**2 - 8*t + 3. Is m(3) a prime number?
False
Is (273/(-6))/((-5)/10) prime?
False
Let o = 543 - 184. Is o prime?
True
Suppose -112 = -o + 627. Is o composite?
False
Let b be (6/4)/((-3)/(-6)). Suppose b*o + o = 0. Suppose -5*k + 4*a + 417 = 0, o = -2*a + 5*a - 6. Is k a prime number?
False
Suppose c - 3*m - 9 = 0, -5*c + 5*m + 15 = -4*c. Suppose -2*h - 8 = -c*h. Is h + (5 - 3) + 5 a prime number?
True
Let n(d) = d**2 - 17*d + 13. Let y be n(16). Is (y/(-9))/(3/3303) prime?
True
Suppose 0 = 4*q - 2*r + 274, -q + 3*r - 28 = 28. Let m = q - -128. Is m a prime number?
False
Let d(v) = -5*v**3 - 4*v**2 + v - 3. Let p be d(4). Let w be 0 + -2 + p - 0. Is (-1)/4 + w/(-20) composite?
False
Let q(w) = -3*w**3 + 3*w**2 - 4*w - 4. Let g be q(-3). Let m = 171 - g. Is m prime?
False
Let g = -8 + 12. Suppose 4*h = 5*v - 138 - 241, -4*v + g*h + 300 = 0. Is v a composite number?
False
Let w(k) = 361*k**2 + 3*k + 1. Is w(-1) prime?
True
Let o(n) = 3*n - 5. Suppose -2*c + 7*c - 95 = 0. Suppose c = 2*b + 3. Is o(b) composite?
False
Let y(c) = c + 1. Let m be y(0). Suppose -13 = 3*q + 5*r, 5*q - 5 = -3*r - 16. Is (m + -2)/(q/43) composite?
False
Is (203/87)/((-2)/(-498)) a prime number?
False
Let v = -2111 + 4008. Is v composite?
True
Let b = -2266 + 4317. Is b prime?
False
Let w(z) = -2051*z**3 - 2*z**2 - z + 1. Is w(-1) a prime number?
False
Let u(v) = 17*v**2 - 29*v + 59. Is u(-27) a prime number?
False
Let g = 15 + 278. Is g a prime number?
True
Let r(q) = 3*q**3 - 3*q + 1. Is r(2) a composite number?
False
Suppose -595 = -5*t + 200. Is t a composite number?
True
Let m(a) = a**2 - a. Let r(d) = -8*d**3 - 4*d**2 + 5*d. Let b(s) = -6*m(s) - r(s). Is b(2) a prime number?
False
Let t be (-6)/(-8) + 996/16. Suppose -5*j - 2*m + 3*m = t, 4*j + 44 = 4*m. Let o(f) = f**2 + 9*f - 6. Is o(j) a prime number?
False
Let p = 1039 + -608. Is p a composite number?
False
Let q be (0 + 2)*1/2. Is 1 + q*32 - 0 a composite number?
True
Let u be (-3)/(18/4)*-6. Suppose -33 = -5*i + 2*x + 161, i + u*x = 52. Let q = i - 9. Is q prime?
True
Suppose -2*w - 4 = -a - 3*a, -4*w + 6 = -a. Suppose -1 = 2*l + 5, 0 = a*r - 5*l - 337. Is r a prime number?
False
Let b be (-2)/(-6) + 1698/9. Let a = b - -2. Is a a prime number?
True
Let w(u) = 36*u**2 - 4*u + 18. Is w(5) a prime number?
False
Let u = 9533 - 6310. Is u a prime number?
False
Let y(u) be the second derivative of u**4/12 - u**3/6 + 2*u. Let o be y(4). Is 585/o - 1/(-4) composite?
True
Suppose -6*v + 434 = -4*v. Is v a composite number?
True
Let y = 1 + -5. Let p = 7 + y. Is p prime?
True
Suppose 0 = 6*g - 4*g. Let o = 3 + g. Is o a composite number?
False
Suppose -m = 2*w - 2, 2*w + 6 = m + 2*m. Is 2*(w - (-1354)/4) composite?
False
Let g be ((-6)/(-8))/(2/440). Let o = g + -109. Let n = 95 - o. Is n composite?
True
Suppose 0 = -10*h + 14*h - 2324. Is h a prime number?
False
Let o = 2052 + -1307. Is o composite?
True
Is 11846/30 - (-34)/255 a composite number?
True
Let w be (407/(-4))/(2/(-8)). Let b = w - -232. Suppose 4*i - 832 = 4*d, -4*d + 6*d - b = -3*i. Is i a prime number?
True
Suppose 2*p - 11 - 17 = 0. Suppose 2 - p = -3*f. Let y(n) = n**3 - 2*n**2 - 2*n - 2. Is y(f) composite?
True
Suppose -3*o = 6, -2*c + 6*c = -5*o + 250. Is c a prime number?
False
Let g = 291 + -208. Let n(w) = w**2 - 6*w - 7. Let b be n(-5). Let f = g - b. Is f prime?
False
Is 3501/(-6)*4/(-6) a composite number?
False
Suppose 0*m - 5*m = -5. Is 11 - (-4 + 1/m) a composite number?
True
Suppose 2*w = 7*w - 925. Is w composite?
True
Let x = 355 + 1028. Is x composite?
True
Let c be (-21 - -1 - -4) + 4. Is ((-16)/c)/((-4)/(-18)) prime?
False
Suppose -4*f + 2429 = 3*f. Is f prime?
True
Suppose -2*f + 42 + 54 = 0. Let r = -34 + f. Is r a prime number?
False
Suppose -16*i + 8057 = -9*i. Is i a prime number?
True
Let q = 87 + -34. Is q prime?
True
Let o be 5/((-10)/7)*2. Let s = 42 + o. Is s a composite number?
True
Let z(u) be the first derivative of 34*u**2 - u + 2. Is z(1) composite?
False
Let h = 5 + 48. Is h a prime number?
True
Suppose 3 = 2*a - 1. Suppose 0 = -a*t - 0 + 4. Suppose -124 = -2*h + 3*f, h + f + t*f = 71. Is h a composite number?
True
Let f = -45 - -8. Let w = 56 + f. Is w a composite number?
False
Let o be 1/(-3) - (-13)/3. Suppose o*u - 30 - 10 = 0. Is u a composite number?
True
Let r(l) = -l**2 - 2*l + 4. Let k be r(-2). Is (-3270)/(-18) + k/(-6) a prime number?
True
Let d(r) = -30*r - 11. Is d(-5) a composite number?
False
Suppose -14*q + 17*q - 957 = 0. Is q composite?
True
Let l(z) = -z**3 - 4*z**2 + 10*z + 44. Is l(-7) prime?
False
Let j be 1 - (2 + -1 + 0). Suppose 5*q + f = 230, j = -2*q - 2*f + 16 + 68. Is q composite?
False
Suppose 0 = q - 4*m + 11, -m + 6 = 1. Suppose 3*d - q = -3*z - 0, -14 = -5*d - 4*z. Suppose 58 = 2*o - 2*j, -6*j = 5*o - d*j - 163. Is o a prime number?
True
Let a(b) = -b + 3. Let q be a(6). Let h = 24 + q. Is h a prime number?
False
Let f(n) = n**2 + 4 + 1 - 1 - 5*n. Let v be f(5). Is 2/(v*(-2)/(-148)) prime?
True
Suppose q - 5*q + 844 = 0. Is q composite?
False
Let w = 484 + 385. Is w prime?
False
Let q = -807 + 2905. Is q a prime number?
False
Suppose o + 5 = 0, -t + 3*o - 42 = 4*o. Is 0 - 2*t/2 a composite number?
False
Let x = 865 + -366. Is x a composite number?
False
Let d(u) = -4*u**3 - 2*u**2 - 3*u + 3. Let h be d(-5). Suppose 2*m - 4*m = 3*x - h, -m = x - 155. Suppose 3*r - x = r. Is r composite?
False
Suppose -4*v = -3*c + 502, 0*c - 3*v - 164 = -c. Suppose -3*r + r + c = 0. Is r a prime number?
